when 28014028 is divided by 16?
12
Calculate the remainder when 16911 is divided by 16334.
577
What is the remainder when 10827997 is divided by 3619?
3568
Calculate the remainder when 96414889 is divided by 761.
755
What is the remainder when 32411192 is divided by 54?
14
What is the remainder when 1513062 is divided by 201?
135
Calculate the remainder when 10420249 is divided by 189459.
4
What is the remainder when 3531408 is divided by 8?
0
Calculate the remainder when 3028751 is divided by 11785.
6
Calculate the remainder when 569460 is divided by 137.
88
What is the remainder when 19325339 is divided by 19306?
33
Calculate the remainder when 19270 is divided by 13463.
5807
What is the remainder when 196320 is divided by 15457?
10836
Calculate the remainder when 129884 is divided by 43074.
662
What is the remainder when 1347 is divided by 596?
155
Calculate the remainder when 1911871 is divided by 16.
15
Calculate the remainder when 543874 is divided by 542787.
1087
Calculate the remainder when 11676916 is divided by 568.
540
Calculate the remainder when 6193942 is divided by 18.
16
Calculate the remainder when 679227 is divided by 18867.
15
What is the remainder when 311518 is divided by 51861?
352
Calculate the remainder when 2985692 is divided by 3389.
3372
What is the remainder when 16938475 is divided by 128?
107
What is the remainder when 63809 is divided by 5?
4
What is the remainder when 528352668 is divided by 363?
360
What is the remainder when 1444724 is divided by 4459?
8
Calculate the remainder when 1936166 is divided by 1050.
1016
Calculate the remainder when 823503 is divided by 62.
19
What is the remainder when 49262 is divided by 2598?
2498
What is the remainder when 75568332 is divided by 485?
482
What is the remainder when 15699487 is divided by 1286?
1285
What is the remainder when 22929994 is divided by 932?
930
What is the remainder when 148839 is divided by 572?
119
What is the remainder when 160197 is divided by 40042?
29
Calculate the remainder when 71701 is divided by 1193.
121
Calculate the remainder when 15866824 is divided by 619.
616
What is the remainder when 942831 is divided by 20951?
36
What is the remainder when 696086178 is divided by 37?
35
Calculate the remainder when 7124693 is divided by 25.
18
Calculate the remainder when 98395 is divided by 1668.
1651
What is the remainder when 3135372 is divided by 39688?
20
What is the remainder when 89904167 is divided by 72?
71
What is the remainder when 135541602 is divided by 168794?
20
Calculate the remainder when 4890472 is divided by 21.
13
Calculate the remainder when 109233 is divided by 27303.
21
What is the remainder when 18021 is divided by 8867?
287
What is the remainder when 162464797 is divided by 32?
29
What is the remainder when 24989 is divided by 7954?
1127
What is the remainder when 522072 is divided by 4495?
652
What is the remainder when 201429 is divided by 67115?
84
Calculate the remainder when 1207613 is divided by 6712.
6165
What is the remainder when 23607566 is divided by 23607539?
27
What is the remainder when 768649 is divided by 767418?
1231
What is the remainder when 648394 is divided by 1693?
1668
What is the remainder when 6660499 is divided by 398?
367
Calculate the remainder when 449961 is divided by 4241.
415
What is the remainder when 11939485 is divided by 90?
85
Calculate the remainder when 31746792 is divided by 7936697.
4
What is the remainder when 30660203 is divided by 1703341?
65
What is the remainder when 595001 is divided by 218?
79
What is the remainder when 152096 is divided by 21690?
266
Calculate the remainder when 153687 is divided by 1275.
687
Calculate the remainder when 230746 is divided by 64.
26
What is the remainder when 1738764 is divided by 89?
60
Calculate the remainder when 2088683 is divided by 2088683.
0
Calculate the remainder when 17027218 is divided by 2130.
2128
What is the remainder when 718018166 is divided by 57?
53
What is the remainder when 78691469 is divided by 254?
237
What is the remainder when 66199121 is divided by 2343?
2342
Calculate the remainder when 427912 is divided by 40.
32
Calculate the remainder when 13689791 is divided by 1819.
1816
What is the remainder when 8478984 is divided by 1413163?
6
Calculate the remainder when 48532632 is divided by 18.
6
What is the remainder when 17875527 is divided by 3259?
3171
What is the remainder when 216249 is divided by 1209?
1047
What is the remainder when 56640949 is divided by 5149175?
24
Calculate the remainder when 9555812 is divided by 579.
575
Calculate the remainder when 25158976 is divided by 702.
700
Calculate the remainder when 7271747 is divided by 962.
951
Calculate the remainder when 533810 is divided by 425.
10
What is the remainder when 492282 is divided by 27346?
54
Calculate the remainder when 427886 is divided by 20370.
116
Calculate the remainder when 102812 is divided by 455.
437
What is the remainder when 245503 is divided by 1670?
13
Calculate the remainder when 203332 is divided by 33873.
94
Calculate the remainder when 4711225 is divided by 41.
38
Calculate the remainder when 179561621 is divided by 2157.
2156
What is the remainder when 8564746 is divided by 2854909?
19
Calculate the remainder when 5992941 is divided by 622.
593
Calculate the remainder when 67620 is divided by 1692.
1632
Calculate the remainder when 67078 is divided by 493.
30
What is the remainder when 5634262 is divided by 213?
199
What is the remainder when 3909878 is divided by 15639?
128
Calculate the remainder when 349223 is divided by 62.
39
Calculate the remainder when 98352 is divided by 24354.
936
Calculate the remainder when 28145519 is divided by 585.
584
What is the remainder when 4711597 is divided by 1588?
1
What is the remainder when 67116 is divided by 5926?
1930
What is the remainder when 31299724 is divided by 10433237?
13
Calculate the remainder when 405372 is divided by 3721.
3504
What is the remainder when 108244617 is divided by 22?
19
Calculate the remainder when 72114699 is divided by 37.
34
Calculate the remainder when 10904 is divided by 680.
24
Calculate the remainder when 4834928 is divided by 19.
17
Calculate the remainder when 906452 is divided by 151005.
422
Calculate the remainder when 402262 is divided by 756.
70
What is the remainder when 727604 is divided by 31511?
2851
Calculate the remainder when 1228463 is divided by 10.
3
Calculate the remainder when 24400545 is divided by 8133461.
162
Calculate the remainder when 63721088 is divided by 9687.
2
Calculate the remainder when 17568705 is divided by 1451.
1448
Calculate the remainder when 111645 is divided by 2326.
2323
Calculate the remainder when 4202872 is divided by 182733.
13
What is the remainder when 7278212 is divided by 1290?
32
Calculate the remainder when 119285 is divided by 1545.
320
What is the remainder when 600724 is divided by 3433?
3382
What is the remainder when 3070005 is divided by 37?
4
What is the remainder when 47233253 is divided by 817?
32
Calculate the remainder when 10190316 is divided by 1736.
1732
What is the remainder when 2849490 is divided by 712369?
14
Calculate the remainder when 399710 is divided by 1868.
1826
Calculate the remainder when 83711 is divided by 1862.
1783
What is the remainder when 894465 is divided by 8?
1
Calculate the remainder when 34668417 is divided by 74.
9
What is the remainder when 325084912 is divided by 2079?
2077
What is the remainder when 16246 is divided by 8000?
246
Calculate the remainder when 4786274 is divided by 1595292.
398
Calculate the remainder when 14853537 is divided by 326.
325
Calculate the remainder when 192979649 is divided by 1550.
1549
What is the remainder when 346001 is divided by 345877?
124
Calculate the remainder when 49079 is divided by 755.
4
Calculate the remainder when 904140 is divided by 904006.
134
Calculate the remainder when 542779 is divided by 135569.
503
Calculate the remainder when 40733049 is divided by 7334.
13
Calculate the remainder when 104705435 is divided by 11.
10
What is the remainder when 1567905 is divided by 783837?
231
What is the remainder when 57475 is divided by 56838?
637
What is the remainder when 4496542 is divided by 16?
14
What is the remai